{"id":3917,"date":"2021-01-29T21:51:14","date_gmt":"2021-01-29T20:51:14","guid":{"rendered":"http:\/\/philippegoudard.net\/?page_id=3917"},"modified":"2025-11-23T14:30:58","modified_gmt":"2025-11-23T13:30:58","slug":"faire-rire-si-possible","status":"publish","type":"page","link":"https:\/\/philippegoudard.net\/?page_id=3917","title":{"rendered":"Faire rire (si possible)"},"content":{"rendered":"<p><em>Performance pataphysico-scientifique<\/em><\/p>\n<p>\u00e0 partir de<span style=\"font-size: 12.0pt; font-family: 'Arial',sans-serif; color: black;\">\u00a0<i><a href=\"https:\/\/www.pulm.fr\/index.php\/ENG\/figures-du-clown-sur-scene-en-piste-et-a-l-ecran.html\">Figures du clown, sur sc\u00e8ne en piste et \u00e0 l\u2019\u00e9cran,<br \/>\n<\/a><\/i><\/span>Ph.Goudard et N. Vienne-Guerrin (dir.), Montpellier, PULM, 2020.<\/p>\n<p>Ecriture, jeu et mise en sc\u00e8ne : Philippe Goudard<br \/>\nEn complicit\u00e9 avec Sandy Sun<\/p>\n<p>Work in progress depuis avril 2019<br \/>\nDur\u00e9e : 65 mn environ<br \/>\nEn fran\u00e7ais ( version anglaise disponible)<br \/>\nA partir de 10 ans<\/p>\n<p>Co-production :<br \/>\nAries et Scorpio-Recherches et Cr\u00e9ation\u00a0; Festival des Antipodes (Bataville)<br \/>\nAccueils en r\u00e9sidences : Fabrique Autonome des Acteurs (Bataville) ; Th\u00e9\u00e2tre \u00e7a respire encore (Nancy); Le Samovar (Bagnolet).<\/p>\n<p><span style=\"text-decoration: underline;\"><a href=\" https:\/\/youtu.be\/xKL49uKDFmw \">Teaser (00:02:30)<br \/>\nExtraits ( 00:14:00)<\/a><\/span>\u00a0R\u00e9al. B\u00e9la Czuppon<\/p>\n<p>Professeur des universit\u00e9s sp\u00e9cialiste du cirque et des clowns, en m\u00eame temps qu\u2019acteur et clown lui-m\u00eame, Philippe Goudard met en sc\u00e8ne ses deux domaines d\u2019expertise en incarnant un universitaire lunaire pour une pr\u00e9sentation illustr\u00e9e de ses recherches sur le rire. Bien que son expos\u00e9 conserve une rigueur scientifique, sa d\u00e9monstration et ses exemples d\u00e9rapent. Le public glisse alors progressivement de l\u2019\u00e9coute d\u2019une parole \u00e9rudite \u00e0 la joie de partager le rire que provoquent les actions loufoques et burlesques du professeur.<\/p>\n<p><span style=\"text-decoration: underline;\">Note d\u2019intention\u00a0:<br \/>\n<\/span><em>On peut sinc\u00e8rement se demander si s\u2019int\u00e9resser s\u00e9rieusement\u00a0au rire\u00a0est s\u00e9rieux, encore que les comiques, tout experts en humour ou artisans du rire soient-ils, ne sont pas pour autant des rigolos, et recourent eux-m\u00eames \u00e0 une m\u00e9thodologie rigoureuse appuy\u00e9e sur des connaissances approfondies de l\u2019histoire et des pratiques de leur art. C\u2019est donc avec l\u2019humilit\u00e9 de rigueur devant l\u2019ampleur de la t\u00e2che et ayant \u00e0 l\u2019esprit que,\u00a0comme l\u2019a \u00e9crit Pierre\u00a0Dac,\u00a0\u00ab Parler pour ne rien dire et ne rien dire pour parler sont les deux principes majeurs et rigoureux de tous ceux qui feraient mieux de la fermer avant de l\u2019ouvrir\u00bb que nous aborderons cette r\u00e9flexion sur le rire\u00a0en\u00a0l\u2019illustrant de quelques exemples pratiques et en esp\u00e9rant \u00eatre le moins obscure\u00a0possible.\u00a0Du moins ose-t-on le croire, m\u00eame avertis par\u00a0Peter de Vries\u00a0: \u00ab\u00a0Tout le monde a besoin de croire en quelque chose. Moi, je crois que je vais reprendre un verre\u00bb.<\/em><\/p>\n<p style=\"text-align: center;\"><a href=\"http:\/\/philippegoudard.net\/wp-content\/uploads\/2024\/06\/Capture-d\u2019e\u0301cran-2024-06-16-a\u0300-14.00.09.png\"><img loading=\"lazy\" decoding=\"async\" class=\"alignnone  wp-image-4056\" src=\"http:\/\/philippegoudard.net\/wp-content\/uploads\/2024\/06\/Capture-d\u2019e\u0301cran-2024-06-16-a\u0300-14.00.09-234x300.png\" alt=\"Capture d\u2019e\u0301cran 2024-06-16 a\u0300 14.00.09\" width=\"255\" height=\"327\" srcset=\"https:\/\/philippegoudard.net\/wp-content\/uploads\/2024\/06\/Capture-d\u2019e\u0301cran-2024-06-16-a\u0300-14.00.09-234x300.png 234w, https:\/\/philippegoudard.net\/wp-content\/uploads\/2024\/06\/Capture-d\u2019e\u0301cran-2024-06-16-a\u0300-14.00.09-799x1024.png 799w, https:\/\/philippegoudard.net\/wp-content\/uploads\/2024\/06\/Capture-d\u2019e\u0301cran-2024-06-16-a\u0300-14.00.09.png 1122w\" sizes=\"auto, (max-width: 255px) 100vw, 255px\" \/><\/a><\/p>\n<p>\u00ab\u00a0Faire rire (si possible) \u00bb est n\u00e9 d\u2019une communication de 30 minutes, invit\u00e9e au colloque \u00ab\u00a0Etre en sc\u00e8ne, \u00eatre en jeu\u00a0\u00bb organis\u00e9 par Laurent Berger pour le programme de recherche th\u00e9\u00e2trale de l\u2019universit\u00e9 Paul-Val\u00e9ry-Montpellier, et donn\u00e9e sous forme de conf\u00e9rence perform\u00e9e en Avril 2019 par Philippe Goudard.<br \/>\nIl y avait m\u00eal\u00e9 des textes th\u00e9oriques sur le rire et les clowns \u00e0 des improvisations clownesques et des extraits de son r\u00e9pertoire.<br \/>\nLe succ\u00e8s rencontr\u00e9 aupr\u00e8s des 200 personnes et des quelques responsables de programmation pr\u00e9sentes \u00e0 fait na\u00eetre le d\u00e9sir de cr\u00e9er un spectacle performatif sur cette base.<br \/>\nL\u2019essai a \u00e9t\u00e9 confirm\u00e9 lors d\u2019une r\u00e9sidence de cr\u00e9ation et une premi\u00e8re, propos\u00e9es par Daria Lippi et les actrices de la Fabrique autonome de l&rsquo;acteur \u00e0 Bataville, puis une autre encore au Samovar \u00e0 Paris, qu&rsquo;ont suivi les premiers accueils en programmation.<br \/>\nAinsi le spectacle-performance se construit, se d\u00e9veloppe et vit, en interaction avec les spectateurs et spectatrices, dans la copr\u00e9sence, indispensable au spectacle vivant, de l&rsquo;acteur et du public, et dans la non s\u00e9parabilit\u00e9 de l&rsquo;artiste et de son \u0153uvre !<\/p>\n<p>Dates :<br \/>\n&#8211; 12 novembre 2025 : Universit\u00e9 Paris 8 Vincennes \/ Saint-Denis (92)<br \/>\n&#8211; 4 avril 2025 :\u00a0Le Samovar \u00e0 Bagnolet &#8211; Fr<br \/>\n&#8211; 22 et 23 mai 2024 : Th\u00e9\u00e2tre des Beaux Arts \/ Montpellier (34)<br \/>\n&#8211; 9 novembre 2023 : Programmation municipale\/ M\u00e8ze (34)<br \/>\n&#8211; 31 mai 2023 : S\u00e9minaire national des inspecteurs en charge du baccalaur\u00e9at cirque- Fr\/ ENSAD Montpellier (34)<br \/>\n&#8211; 16 au 20 janvier 2023 : Sortie de r\u00e9sidence \/ Le Samovar \u00e0 Bagnolet &#8211; Fr<br \/>\n&#8211; 10 et 11 septembre 2022 : Festival des antipodes\u00a0 \/ Fabrique autonome de l&rsquo;acteur\/ Bataville (57)<br \/>\n&#8211; 3 et 6 mars 2022 : Th\u00e9\u00e2tre \u00e7a respire encore \/ Nancy (54)<br \/>\n&#8211; 2021 : SRASCov2 World Tour<br \/>\n&#8211; 30 ao\u00fbt 2020 : Festival des antipodes\u00a0 \/ Fabrique autonome de l&rsquo;acteur\/ Bataville (57)<br \/>\n&#8211; 23 et 30 novembre 2019 : Gare aux clowns \/ Cie Dor\u00e9 \/ Montpellier (34)<br \/>\n&#8211; 16 novembre 2019 : Festival du livre\/ Cendras (30)<br \/>\n&#8211; 21 mars 2019 :Universit\u00e9 Paul Val\u00e9ry\/ Montpellier (34)<\/p>\n<p>&nbsp;<\/p>\n","protected":false},"excerpt":{"rendered":"<p>Performance pataphysico-scientifique \u00e0 partir de\u00a0Figures du clown, sur sc\u00e8ne en piste et \u00e0 l\u2019\u00e9cran, Ph.Goudard et N. Vienne-Guerrin (dir.), Montpellier, PULM, 2020. Ecriture, jeu et mise en sc\u00e8ne : Philippe Goudard En complicit\u00e9 avec Sandy Sun Work in progress depuis &hellip; <a href=\"https:\/\/philippegoudard.net\/?page_id=3917\">Continuer la lecture <span class=\"meta-nav\">&rarr;<\/span><\/a><\/p>\n","protected":false},"author":2,"featured_media":0,"parent":0,"menu_order":0,"comment_status":"closed","ping_status":"closed","template":"","meta":{"footnotes":""},"class_list":["post-3917","page","type-page","status-publish","hentry"],"_links":{"self":[{"href":"https:\/\/philippegoudard.net\/index.php?rest_route=\/wp\/v2\/pages\/3917","targetHints":{"allow":["GET"]}}],"collection":[{"href":"https:\/\/philippegoudard.net\/index.php?rest_route=\/wp\/v2\/pages"}],"about":[{"href":"https:\/\/philippegoudard.net\/index.php?rest_route=\/wp\/v2\/types\/page"}],"author":[{"embeddable":true,"href":"https:\/\/philippegoudard.net\/index.php?rest_route=\/wp\/v2\/users\/2"}],"replies":[{"embeddable":true,"href":"https:\/\/philippegoudard.net\/index.php?rest_route=%2Fwp%2Fv2%2Fcomments&post=3917"}],"version-history":[{"count":27,"href":"https:\/\/philippegoudard.net\/index.php?rest_route=\/wp\/v2\/pages\/3917\/revisions"}],"predecessor-version":[{"id":4083,"href":"https:\/\/philippegoudard.net\/index.php?rest_route=\/wp\/v2\/pages\/3917\/revisions\/4083"}],"wp:attachment":[{"href":"https:\/\/philippegoudard.net\/index.php?rest_route=%2Fwp%2Fv2%2Fmedia&parent=3917"}],"curies":[{"name":"wp","href":"https:\/\/api.w.org\/{rel}","templated":true}]}}